*3 + 5*i**2 - 6*i - 9. Let k(d) = -d - 14. Let q be k(-7). Let h be a(q). Is 2 - h - (4 - 6) prime?
False
Let j(b) = 2 + 4 - 3 + 4*b**2 + 3*b. Is j(-4) composite?
True
Suppose 0 = -f + 3*f - 60. Let z = 61 - f. Is z a composite number?
False
Suppose -3*h = 2*h. Suppose 3*v + 4*o - 67 - 107 = h, v - 50 = -4*o. Suppose -v = -3*g - 5. Is g composite?
False
Suppose 0 = -0*a - 2*a + 302. Suppose 0*x - x = 2*j - 102, -2*x + a = 3*j. Is j a composite number?
False
Let a(u) = u**2 + 6*u**2 + 5 + u + 6. Is a(5) a composite number?
False
Suppose 2*q + 0*q - 230 = 0. Is q composite?
True
Let j(x) be the third derivative of -x**5/60 - 7*x**4/24 - x**3/2 + 2*x**2. Let l be j(-7). Is 2/l*765/(-6) prime?
False
Let r = -1104 + 1591. Is r a prime number?
True
Suppose -2*p + 671 = 3*b, 2*b = p - 162 - 177. Is p a composite number?
False
Let w(k) = 146*k**2 + 1. Let a be w(-1). Suppose 0*r - r = -3*j + 102, -4*j + 5*r = -a. Is j a composite number?
True
Suppose -12*y = -5*y - 399. Is y prime?
False
Let f be (-2)/6 - 985/(-3). Let k(x) = x**2 - 9*x + 12. Let g be k(8). Suppose -p + 3*p - f = -g*n, 3*n + p = 247. Is n a composite number?
False
Suppose 0 = -3*a + 160 + 197. Let g = a - 10. Is g composite?
False
Let m be 4/14 - (-120)/(-28). Is (-1)/(-2)*m + 28 prime?
False
Suppose -2*v + 2 = -f, v = -v + 3*f - 6. Suppose 4*j + 141 = -w, 0*j + v*w = -4*j - 135. Let r = 73 + j. Is r prime?
True
Let v(a) = 118*a - 31. Let y(b) = -59*b + 16. Let d(r) = -3*v(r) - 5*y(r). Is d(-12) composite?
True
Let g(l) = 10*l**2 - 1. Let y be g(1). Let f be 2/y - (-86)/18. Suppose 0*j + 5 = q + 4*j, -f*j = 5. Is q a composite number?
True
Suppose -2*i = -0*i + 18. Let c be ((-78)/i)/(2/6). Is 4*c/24*3 composite?
False
Let s = -365 - -626. Suppose -3*c + 5*i = -21 - s, 3*c - 270 = i. Is c prime?
True
Suppose -2*q + 32 = -6. Is q prime?
True
Suppose 5*s - 4*l - 3608 = -3*l, 0 = 2*l + 6. Is s a composite number?
True
Let d = -1021 - -2238. Is d a prime number?
True
Let m(n) = 764*n + 15. Is m(2) composite?
False
Let s(f) = f - 6. Let m be s(6). Suppose -2*n + 1152 = 3*p - 5*n, -4*n - 16 = m. Suppose -6*t + 2*t = -p. Is t a composite number?
True
Let o(q) = q**3 + 3*q**2 + q + 941. Is o(0) a prime number?
True
Suppose -4*g + 15 = -f - 16, g = 2*f - 1. Is g prime?
False
Let o = 747 - -257. Suppose 0 = 2*j + 370 - o. Suppose 5*l - 2*f = j, f - 321 = -5*l + 2*f. Is l a prime number?
False
Let d(o) = 3 - 3*o + 0 - 2*o + o**2. Let s be d(5). Suppose 0*v - s*v = -3*t - 96, -2*t + 41 = v. Is v a composite number?
True
Let f = -4 - -5. Is (508/16)/(f/4) a prime number?
True
Let g(w) = -2*w**3 - 20*w**2 - 33*w - 3. Is g(-14) a prime number?
True
Let c = 111 + -64. Is c composite?
False
Suppose g + 3*g - 668 = 0. Is g prime?
True
Let c be (-51)/(-12) + (-3)/12. Let n(d) = 7*d**2 - c*d - 4*d - 3 - 2*d + d**3. Is n(-7) prime?
True
Let l(u) = -53*u + 2. Is l(-3) a prime number?
False
Let q(d) = -2*d**2. Let f be q(-1). Is f/(-5) + (-2365)/(-25) a composite number?
True
Let k be (-4 - -6)/(-2*1). Let a be k + (4 - (1 + 0)). Is -28*(a - (-15)/(-6)) prime?
False
Let c = 6 - 4. Suppose 0*f = -c*f + 518. Is f a composite number?
True
Is (-17*25 - -3)/(-2) a composite number?
False
Let g = 31 - 119. Let m = -33 - g. Is m composite?
True
Suppose 2*w - 3*t + 4*t = 2, 5 = 5*w + 4*t. Suppose 20 = u + w. Is u prime?
True
Is (265/(-4))/(-5)*44 a prime number?
False
Let h(m) = 2*m**3 - 9*m**2 + 13*m + 19. Is h(10) composite?
False
Suppose -5*c + 4 = -c, 12 = -f - 3*c. Let o = f + 68. Is o a composite number?
False
Suppose 4*s = -3*t + 11, 2*s = -3*s + 4*t + 6. Suppose -s*c = -46 - 40. Is c composite?
False
Let c(j) = j - 39. Let a(o) = o - 1. Let w(q) = 2*a(q) - c(q). Suppose 0 = g + g. Is w(g) a prime number?
True
Suppose f + 30 + 10 = -p, -3*f - 81 = 2*p. Let u(l) = -2*l**2 - 2*l - 1. Let b be u(-4). Let j = b - p. Is j a prime number?
False
Let f(a) = -a**2 - 12*a - 9. Let w be f(-11). Suppose 0 = -t + w*t - 211. Is t a composite number?
False
Let i(h) = h**3 - h + 5. Let w be i(0). Suppose -w*b = -3 - 7. Suppose -b*z = -4*c - 0*c - 26, -4*z = -2*c - 22. Is z prime?
True
Let b(r) = 36*r**2 + 4*r - 3. Is b(2) prime?
True
Let d(y) be the first derivative of y**5/60 + 7*y**4/24 - y**3/6 - y**2/2 - 2. Let v(j) be the second derivative of d(j). Is v(-8) composite?
False
Let j be ((-410)/(-4))/(-5)*2. Let r = -34 - -128. Let u = j + r. Is u prime?
True
Is 6/15 - 4066/(-10) prime?
False
Let q(j) = -73*j + 8. Is q(-7) a composite number?
True
Suppose 9*p = 5*p - 16. Let i be 14/2 + (-2)/(-2). Is 2/i - 23/p a prime number?
False
Let j be ((-2)/(-6))/((-4)/(-48)). Suppose 0 = 3*w - 0*m - 2*m - 153, j*w - 184 = -4*m. Suppose w = 2*l + 5*p, 3*l - 2*p = 3*p + 136. Is l composite?
False
Let y(v) = 3*v - v**2 + 8*v**2 - 2*v. Is y(-2) prime?
False
Suppose 3*p = 173 + 103. Suppose -4*z - z = -3*y - 69, p = -4*y + z. Is ((-2)/1 - y) + 2 a composite number?
False
Let s(m) = 30*m - 1. Is s(3) a prime number?
True
Let q = -2 + 8. Suppose -v - v = q. Is 1*-2 - (-6 + v) prime?
True
Suppose -5*u = 15 - 100. Let z = u + 2. Is z composite?
False
Let a(y) = y**3 - 9*y**2 + 7*y + 11. Let d be a(8). Suppose -h + 2*h - 4 = 0, d*n + 2*h - 875 = 0. Is n prime?
False
Let z(c) = 5*c - 5 - 4*c + 7 + 13. Is z(0) a prime number?
False
Let r(h) = -h + 5. Suppose -s = 2*s. Let q be r(s). Is 406/35 + (-3)/q a composite number?
False
Let c be 3396/36 + 2/(-6). Suppose -3*q = -c - 449. Is q a prime number?
True
Let v be (1/1)/(1/113). Let x = -54 + v. Is x composite?
False
Is -3 - (2 + (-1 - 473)) prime?
False
Suppose 0*o + 4 = -4*o. Let v be -1 + 2 + o + 2. Suppose m = 3*m - 5*c - 50, -2*m + 78 = v*c. Is m a composite number?
True
Is (4404/15)/((-8)/(-20) - 0) a prime number?
False
Suppose 15*s - 826 = 13*s. Is s composite?
True
Let v(s) = s**2 - 7. Let d be v(-9). Suppose 172 = -2*y - 2*j, y = 6*j - j - d. Let i = -35 - y. Is i prime?
False
Suppose 0 = 3*p - f + 1 - 11, 5*p + 3*f = 40. Suppose -823 = -2*b - p*k, 434 = b - 7*k + 2*k. Is b a prime number?
True
Let l = -10 + 20. Suppose 2*c + 17 = u - l, 4*u + c = 135. Is u prime?
False
Suppose 3*y - 271 = -n, -3*n + 4*y - 808 = -6*n. Suppose 2*x = 186 + n. Let o = x + -78. Is o a composite number?
False
Let u = 1 + 1. Suppose -u*i - 210 = -4*q, -4*q + 156 = -q - 3*i. Is q prime?
True
Let w = 5 - 10. Let a be -4*(w + 2 + 2). Suppose -a*q = q - 55. Is q composite?
False
Let h(d) = d**3 - 8*d**2 - 8*d - 13. Let m be h(10). Suppose 0 = -3*i - 3*a + 135, 2*i - m = 3*a - 7. Is i a prime number?
True
Suppose 0 = -2*h - 640 + 2148. Let s = -537 + h. Is s composite?
True
Suppose 3*j + 5*c - 304 = 1242, -2*c + 1032 = 2*j. Is j composite?
True
Let r(m) = m**3 + 7*m**2 + 7*m + 6. Let d be r(-6). Suppose -4*z + 249 - 37 = d. Is z composite?
False
Suppose 4*j + 4*n = -0*j + 3456, -2*j = -n - 1725. Is j a prime number?
True
Suppose -2*f = 3*j - 11803, -5*j - f - 4*f = -19665. Is j a composite number?
True
Let v = -20 - -23. Suppose 3*p + 2*p - 2814 = x, -1694 = -v*p - 5*x. Is p a composite number?
False
Let k(i) be the first derivative of 2*i**3/3 + 3*i + 4. Is k(3) composite?
True
Let z = -8 + 11. Suppose z*f - 3*m - 34 = 50, 56 = 2*f + 5*m. Suppose 2*p + 5*d - f = 4*d, -2*p - 3*d = -32. Is p composite?
False
Suppose -386 = -4*w + 90. Is w a prime number?
False
Let r = -12 + 21. Suppose 93 + r = 3*n. Is n a composite number?
True
Let q(a) = -2*a - 9. Let i be q(-7). Let p = i - -17. Suppose p = 2*k - 3*j - 216, -581 = -5*k + 4*j. Is k prime?
True
Let r(y) = -y**2 + y + 18. Let s be r(0). Is (-22)/(-99) + 194/s a prime number?
True
Let p(b) = 69*b**3 - 4*b + 2. Let y(r) = 34*r**3 - 2*r + 1. Let v(f) = -2*p(f) + 5*y(f). Is v(2) a composite number?
True
Suppose 0 = -s - 4 + 7. Suppose -5*d - s = -113. Is d a composite number?
True
Let g(w) = -w - 2. Let x be g(-2). Suppose 292 = 4*j - x*j. Let u = -8 + j. Is u composite?
True
Let x(l) = -3*l - 10. Is x(-8) prime?
False
Let c(f) = f**3 + 7*f**2 + f + 3. Suppose -o + 6 = -2*k - 4, -8 = 4*k + 4*o. Is c(k) prime?
True
Suppose -4*p + 1278 = -v - v, -p = 5*v - 314. Is p composite?
True
Suppose 2*u = 5*c - u - 104, -3*c = 4*u - 45. Is c a composite number?
False
Suppose 2*w = -2*w + f + 1785, 5*w = -3*f + 2210. Is w composite?
True
Let g = 967 + -628. Is g prime?
False
